+ -2). Calculate the greatest common divisor of d and a.
12
Let v = -1041 - -1685. What is the highest common factor of v and 28?
28
Let k = -66 - -97. Let g = k - 26. Let f be 1 + 3/((-9)/(-57)). Calculate the highest common divisor of f and g.
5
Suppose 4 = 2*o - 0*o. Let w(h) = h + 8. Let l be w(-7). Suppose -b - b = 3*i - l, b = 3*i - 13. What is the highest common factor of o and i?
1
Let n be (1 + 106/8)/(30/120). What is the greatest common factor of 12 and n?
3
Suppose -3 = r - g, -r + 5*g = 3*r + 16. Suppose -n + r = -14. Calculate the highest common divisor of 15 and n.
15
Let y(m) = 17*m**2 - m. Let t be y(-1). Calculate the greatest common divisor of t and 99.
9
Let f(q) = q**2 - 3*q + 6. Let m be f(4). Calculate the greatest common divisor of 110 and m.
10
Suppose 0 = 4*u + 2*c - 550, 5*u + c - 6*c - 650 = 0. Let o be 3/((-2)/(-11) - u/1045). What is the highest common factor of 19 and o?
19
Let p(r) = r**2 + 3*r - 1. Let o be p(-4). Suppose -o*q - 1 = -13. Let z be -36*(-4 - q/8). Calculate the highest common factor of 18 and z.
18
Let p(v) = -77*v**3 - v**2 + 5*v + 6. Let u be p(-2). Calculate the highest common factor of 114 and u.
38
Let m(q) = 56*q**2 + q. Let x be m(1). Suppose -57*i + 36*i = -32*i + 418. Calculate the greatest common divisor of x and i.
19
Suppose 3*b - 87 = -3*r, b + 3 = r - 36. What is the greatest common factor of r and 85?
17
Let y(z) = -z**3 - 4*z**2 + 12*z + 12. Let h be y(-7). Calculate the greatest common divisor of h and 45.
15
Suppose 0*p = 2*p + 8. Let f be 6/p + (-45)/(-6). Let u be (1 + 32)/(f/20). What is the highest common divisor of 44 and u?
22
Suppose 145 = t + 2*k - 0*k, -2*k - 284 = -2*t. What is the greatest common divisor of t and 13?
13
Suppose 4416 = 602*u - 590*u. Calculate the greatest common divisor of 46 and u.
46
Let d(r) = r**2 + 4*r - 34. Let x be d(6). What is the greatest common divisor of 208 and x?
26
Let t be (0 - 3)/(0 - (-15)/(-20)). Suppose t*r + 5*b = -6 + 17, 3*r = 3*b + 42. Calculate the highest common divisor of 1 and r.
1
Let w = -12 + 17. Suppose w*i - 19 = 36. What is the highest common factor of 22 and i?
11
Let y = -35 - -73. Suppose -i + 4*i = 0. Suppose -40 = -5*b + 2*o, i*o = -3*b + 4*o + y. Calculate the highest common factor of b and 6.
6
Suppose -4*f + 154 = 5*y - 2*f, -4*y = f - 125. Let c be 368/y*(-4)/(-2). What is the greatest common divisor of 161 and c?
23
Suppose -51 = -7*h + 222. What is the greatest common factor of 1053 and h?
39
Suppose -3*q + 198 = j, 0 = -3*q - 6*j + 4*j + 198. Calculate the greatest common factor of q and 1.
1
Let b(y) = 259*y**2 - 14*y + 15. Let d be b(1). What is the greatest common divisor of d and 4?
4
Let x = -12 + 52. Let a be (-260)/(-32) - (-4)/64*-2. Calculate the greatest common divisor of a and x.
8
Suppose -7*l + 2*l = -125. What is the highest common divisor of 175 and l?
25
Let h = -90 + 107. Let j = 33 - h. What is the greatest common factor of 48 and j?
16
Suppose 86*z - 79*z - 1008 = 0. Calculate the highest common divisor of z and 18.
18
Let u(y) = 5*y**2 - 2*y - 6. Let q be (-4 - -4) + 3 + 5. Let z = 11 - q. Let w be u(z). What is the highest common divisor of w and 3?
3
Let r be (25/(-2))/(1/(-2)). Let g be (-3 - -756) + (4 - 1). Let q = -531 + g. What is the highest common factor of r and q?
25
Let a(r) = -r**2 - 16*r + 3. Let m be a(-13). Calculate the highest common divisor of m and 28.
14
Suppose -3*w + 50 = -115. Suppose -2*a - 8 = 0, 0 = -2*x - 3*a - 1 - 1. What is the greatest common factor of w and x?
5
Let r = -282 + 283. Calculate the highest common divisor of r and 13.
1
Suppose -20*v + 31*v - 759 = 0. What is the greatest common factor of 299 and v?
23
Let t = 798 - 708. Calculate the highest common factor of 27 and t.
9
Let o(j) = -j**2 - 21*j - 5. Let m be o(-15). What is the greatest common divisor of 40 and m?
5
Suppose -32*o + 285 = -13*o. Calculate the highest common divisor of o and 105.
15
Suppose -9*n + 5*u + 14 = -7*n, 2*u = -3*n + 40. What is the greatest common divisor of 64 and n?
4
Suppose 3*a + 172 = 7*a. Let k = a + 56. Calculate the highest common divisor of 11 and k.
11
Let h = -126 + 208. Let i = -40 + 81. Calculate the highest common factor of h and i.
41
Let g be (-12)/(2/(-3 + 2)). Suppose -2*o + h = -9, -2*o - 5*h = -3*h - g. Let m be (o/10)/((-3)/(-75)). Calculate the greatest common divisor of m and 4.
2
Let d be 3/(3 - (-108)/(-39)). Suppose -3*r + 35 + d = 0. Suppose 48 = 3*b - b. Calculate the highest common divisor of b and r.
8
Let j(s) = -1. Let n be -8 - (8/(-4) - 2). Let m(r) = -15*r - 6. Let z(y) = n*j(y) + m(y). Let h be z(-2). Calculate the highest common divisor of h and 42.
14
Suppose 0 = -2*p + 5*l + 707 - 45, -2*l = -5*p + 1676. What is the greatest common divisor of 21 and p?
21
Let p be (90/(-4))/3*-2. Let a be (0 - -10) + (-3 - -1). Let n = 23 - a. Calculate the highest common factor of n and p.
15
Suppose -3*m + 221 + 3160 = -3*i, 4*m + 4*i - 4468 = 0. What is the greatest common factor of 102 and m?
102
Let x = 82 + 89. What is the greatest common factor of 152 and x?
19
Let r = -479 + 493. What is the highest common divisor of 154 and r?
14
Suppose 60 = -2*v - 2*v. Let a(p) = p**3 + 17*p**2 + 25*p + 9. Let n be a(v). What is the greatest common divisor of 28 and n?
28
Let x(l) = 13*l**2 + 5*l + 2. Let p be x(-2). Suppose 0 = 8*r - p - 20. Calculate the greatest common factor of 24 and r.
8
Let c be (22/(-10) - -3)*10. Let q = 203 + -98. Suppose 4*o = 119 + q. Calculate the highest common factor of c and o.
8
Let z(a) = -a**2 + 7. Let c be z(-3). Let r be -6 + (1 - c) + 37. Suppose -j + 126 - 75 = 0. Calculate the highest common factor of j and r.
17
Suppose 3*m + 44 = 6*m - 5*v, 2*m - 4*v - 32 = 0. Let h = -4 + m. Suppose -2*n - 53 = -7*n + 3*l, h = l. What is the highest common factor of n and 39?
13
Let d(u) = -u**3 + 20*u**2 - 23*u + 88. Let p be d(19). Calculate the greatest common factor of p and 444.
12
Let w(y) = y**3 + 10*y**2 + 15*y + 20. Let p be w(-8). Calculate the highest common divisor of p and 350.
14
Let p be 1/(-3) + (-597)/(-9). Suppose -168 + 836 = 88*r - 1268. Calculate the greatest common divisor of r and p.
22
Let n(a) = 3*a**2 - 24*a - 60. Let m be n(-8). Calculate the greatest common divisor of m and 36.
36
Suppose 5*o - 26 + 1 = 0. Let g be (-20)/15*3*(-98)/8. Let k be (-2)/5 + (-9)/((-315)/g). Calculate the greatest common divisor of o and k.
1
Let a be 10/4*(-26)/(-65)*8. Calculate the highest common divisor of 424 and a.
8
Let n(w) = -w + 35. Let u be n(0). Let c = -106 - -491. What is the greatest common divisor of u and c?
35
Let r = 1083 + -1074. What is the greatest common factor of 7 and r?
1
Let o be ((-105)/(-10) + -9)/(3/76). Let i = 243 + -53. Calculate the greatest common divisor of i and o.
38
Suppose b = -v + 89, 9*v + b - 359 = 5*v. Calculate the highest common factor of 240 and v.
30
Let k = -676 + 702. What is the highest common factor of 6 and k?
2
Let y be ((-136)/20)/((-1)/(-5)). Let m = y + 64. Let q = 392 - 380. Calculate the highest common factor of q and m.
6
Suppose d = 6 + 6. Let n be 3/d + (-81)/(-12). Suppose 5*m - n = 68. What is the greatest common divisor of m and 3?
3
Let c be 33/(2/(-1 + 3)). Let m be 2 - (0 + -3 + 1). Suppose 4*g + m*d - 28 = 0, 2*g + 3*d = 6*g. What is the greatest common divisor of c and g?
3
Suppose -24 = -7*u + 5*u. Let p = 34 - 11. Suppose -p*l + 120 = -19*l. What is the highest common factor of u and l?
6
Suppose -7*m - 95 = -12*m. Suppose 52 - m = 3*t. Suppose t*v = 13*v - 60. What is the highest common factor of v and 330?
30
Suppose -12 = 4*c + 4*m, 4*m + 13 = -c - 2. Let d(n) = 20*n**2 + 3*n - 1. Let x be d(c). Calculate the greatest common factor of x and 55.
11
Let x = -35 - -39. Suppose 1 = -f - 2*u, x*f + 2*u = 5*f - 19. Let l be 60*(f/(-4) + 4). Calculate the greatest common divisor of l and 21.
21
Suppose -3*o + 2*p - 3*p = -6, o + 3*p = 2. Suppose o = -d + 22. What is the greatest common factor of d and 180?
20
Let n = 38 - 38. Let w be (22*1)/(n + 6/33). Calculate the greatest common factor of 11 and w.
11
Let f = 17 - 13. Suppose -3*o = -f - 32. What is the greatest common factor of o and 60?
12
Let f = -70 + 89. Let b(w) = w**2 + 7*w - 41. Let l b